{"id":15919,"date":"2026-05-01T02:47:48","date_gmt":"2026-05-01T02:47:48","guid":{"rendered":"https:\/\/publitec.lat\/index.php\/product\/vaso-recto-con-glitter-y-estampado-holografico-10-pz\/"},"modified":"2026-05-01T02:50:45","modified_gmt":"2026-05-01T02:50:45","slug":"vaso-recto-con-glitter-y-estampado-holografico-10-pz","status":"publish","type":"product","link":"https:\/\/publitec.lat\/index.php\/product\/vaso-recto-con-glitter-y-estampado-holografico-10-pz\/","title":{"rendered":"Vaso Recto con Glitter y Estampado Hologr\u00e1fico (10 pz)"},"content":{"rendered":"<p>Vaso de acr\u00edlico con glitter con popote con capacidad de 400 ml. Incluye personalizado en vinil hologr\u00e1fico.<br \/>\nEl costo publicado es por 10 pz<\/p>\n","protected":false},"excerpt":{"rendered":"<p>Vaso de acr\u00edlico con glitter con popote con capacidad de 400 ml. Incluye personalizado en vinil hologr\u00e1fico. El costo publicado es por 10 pz<\/p>\n","protected":false},"featured_media":15918,"comment_status":"open","ping_status":"closed","template":"","meta":{"rs_blank_template":"","rs_page_bg_color":"","slide_template_v7":""},"product_brand":[],"product_cat":[94],"product_tag":[],"class_list":{"0":"post-15919","1":"product","2":"type-product","3":"status-publish","4":"has-post-thumbnail","6":"product_cat-regalos-personlaizados","8":"first","9":"instock","10":"shipping-taxable","11":"purchasable","12":"product-type-simple"},"_links":{"self":[{"href":"https:\/\/publitec.lat\/index.php\/wp-json\/wp\/v2\/product\/15919","targetHints":{"allow":["GET"]}}],"collection":[{"href":"https:\/\/publitec.lat\/index.php\/wp-json\/wp\/v2\/product"}],"about":[{"href":"https:\/\/publitec.lat\/index.php\/wp-json\/wp\/v2\/types\/product"}],"replies":[{"embeddable":true,"href":"https:\/\/publitec.lat\/index.php\/wp-json\/wp\/v2\/comments?post=15919"}],"wp:featuredmedia":[{"embeddable":true,"href":"https:\/\/publitec.lat\/index.php\/wp-json\/wp\/v2\/media\/15918"}],"wp:attachment":[{"href":"https:\/\/publitec.lat\/index.php\/wp-json\/wp\/v2\/media?parent=15919"}],"wp:term":[{"taxonomy":"product_brand","embeddable":true,"href":"https:\/\/publitec.lat\/index.php\/wp-json\/wp\/v2\/product_brand?post=15919"},{"taxonomy":"product_cat","embeddable":true,"href":"https:\/\/publitec.lat\/index.php\/wp-json\/wp\/v2\/product_cat?post=15919"},{"taxonomy":"product_tag","embeddable":true,"href":"https:\/\/publitec.lat\/index.php\/wp-json\/wp\/v2\/product_tag?post=15919"}],"curies":[{"name":"wp","href":"https:\/\/api.w.org\/{rel}","templated":true}]}}