{"id":15864,"date":"2026-05-01T02:44:01","date_gmt":"2026-05-01T02:44:01","guid":{"rendered":"https:\/\/publitec.lat\/index.php\/product\/playeras-polo-bordadas-10-pz\/"},"modified":"2026-05-01T02:45:48","modified_gmt":"2026-05-01T02:45:48","slug":"playeras-polo-bordadas-10-pz","status":"publish","type":"product","link":"https:\/\/publitec.lat\/index.php\/product\/playeras-polo-bordadas-10-pz\/","title":{"rendered":"Playeras Polo Bordadas (10 pz)"},"content":{"rendered":"<p>Playeras Polo Bordadas<br \/>\nPlayeras bordadas tipo polo en algod\u00f3n peinado con bordados en pecho y ambos costados.<br \/>\nEl costo no incluye ponchados.<br \/>\nEscr\u00edbenos para una cotizaci\u00f3n personalizada.<br \/>\nEl costo publicado es por 10 pz<\/p>\n","protected":false},"excerpt":{"rendered":"<p>Playeras Polo Bordadas Playeras bordadas tipo polo en algod\u00f3n peinado con bordados en pecho y ambos costados. El costo no incluye ponchados. Escr\u00edbenos para una cotizaci\u00f3n personalizada. El costo publicado es por 10 pz<\/p>\n","protected":false},"featured_media":15863,"comment_status":"open","ping_status":"closed","template":"","meta":{"rs_blank_template":"","rs_page_bg_color":"","slide_template_v7":""},"product_brand":[],"product_cat":[94],"product_tag":[],"class_list":{"0":"post-15864","1":"product","2":"type-product","3":"status-publish","4":"has-post-thumbnail","6":"product_cat-regalos-personlaizados","8":"first","9":"instock","10":"shipping-taxable","11":"purchasable","12":"product-type-simple"},"_links":{"self":[{"href":"https:\/\/publitec.lat\/index.php\/wp-json\/wp\/v2\/product\/15864","targetHints":{"allow":["GET"]}}],"collection":[{"href":"https:\/\/publitec.lat\/index.php\/wp-json\/wp\/v2\/product"}],"about":[{"href":"https:\/\/publitec.lat\/index.php\/wp-json\/wp\/v2\/types\/product"}],"replies":[{"embeddable":true,"href":"https:\/\/publitec.lat\/index.php\/wp-json\/wp\/v2\/comments?post=15864"}],"wp:featuredmedia":[{"embeddable":true,"href":"https:\/\/publitec.lat\/index.php\/wp-json\/wp\/v2\/media\/15863"}],"wp:attachment":[{"href":"https:\/\/publitec.lat\/index.php\/wp-json\/wp\/v2\/media?parent=15864"}],"wp:term":[{"taxonomy":"product_brand","embeddable":true,"href":"https:\/\/publitec.lat\/index.php\/wp-json\/wp\/v2\/product_brand?post=15864"},{"taxonomy":"product_cat","embeddable":true,"href":"https:\/\/publitec.lat\/index.php\/wp-json\/wp\/v2\/product_cat?post=15864"},{"taxonomy":"product_tag","embeddable":true,"href":"https:\/\/publitec.lat\/index.php\/wp-json\/wp\/v2\/product_tag?post=15864"}],"curies":[{"name":"wp","href":"https:\/\/api.w.org\/{rel}","templated":true}]}}