{"id":15788,"date":"2026-05-01T02:15:53","date_gmt":"2026-05-01T02:15:53","guid":{"rendered":"https:\/\/publitec.lat\/index.php\/product\/vaso-infantil-magico-10-pz\/"},"modified":"2026-05-01T02:16:02","modified_gmt":"2026-05-01T02:16:02","slug":"vaso-infantil-magico-10-pz","status":"publish","type":"product","link":"https:\/\/publitec.lat\/index.php\/product\/vaso-infantil-magico-10-pz\/","title":{"rendered":"Vaso Infantil M\u00e1gico (10 pz)"},"content":{"rendered":"<p>Vaso infantil m\u00e1gico que cambia de color con el agua fr\u00eda con capacidad de 480 ml ideal para los cumplea\u00f1os de los peque\u00f1ines.<br \/>\nEl costo publicado es por 10 pz<\/p>\n","protected":false},"excerpt":{"rendered":"<p>Vaso infantil m\u00e1gico que cambia de color con el agua fr\u00eda con capacidad de 480 ml ideal para los cumplea\u00f1os de los peque\u00f1ines. El costo publicado es por 10 pz<\/p>\n","protected":false},"featured_media":15787,"comment_status":"open","ping_status":"closed","template":"","meta":{"rs_blank_template":"","rs_page_bg_color":"","slide_template_v7":""},"product_brand":[],"product_cat":[80],"product_tag":[],"class_list":{"0":"post-15788","1":"product","2":"type-product","3":"status-publish","4":"has-post-thumbnail","6":"product_cat-vaso-plastico","8":"first","9":"instock","10":"shipping-taxable","11":"purchasable","12":"product-type-simple"},"_links":{"self":[{"href":"https:\/\/publitec.lat\/index.php\/wp-json\/wp\/v2\/product\/15788","targetHints":{"allow":["GET"]}}],"collection":[{"href":"https:\/\/publitec.lat\/index.php\/wp-json\/wp\/v2\/product"}],"about":[{"href":"https:\/\/publitec.lat\/index.php\/wp-json\/wp\/v2\/types\/product"}],"replies":[{"embeddable":true,"href":"https:\/\/publitec.lat\/index.php\/wp-json\/wp\/v2\/comments?post=15788"}],"wp:featuredmedia":[{"embeddable":true,"href":"https:\/\/publitec.lat\/index.php\/wp-json\/wp\/v2\/media\/15787"}],"wp:attachment":[{"href":"https:\/\/publitec.lat\/index.php\/wp-json\/wp\/v2\/media?parent=15788"}],"wp:term":[{"taxonomy":"product_brand","embeddable":true,"href":"https:\/\/publitec.lat\/index.php\/wp-json\/wp\/v2\/product_brand?post=15788"},{"taxonomy":"product_cat","embeddable":true,"href":"https:\/\/publitec.lat\/index.php\/wp-json\/wp\/v2\/product_cat?post=15788"},{"taxonomy":"product_tag","embeddable":true,"href":"https:\/\/publitec.lat\/index.php\/wp-json\/wp\/v2\/product_tag?post=15788"}],"curies":[{"name":"wp","href":"https:\/\/api.w.org\/{rel}","templated":true}]}}