{"id":15773,"date":"2026-04-30T22:59:35","date_gmt":"2026-04-30T22:59:35","guid":{"rendered":"https:\/\/publitec.lat\/index.php\/product\/papel-blueback\/"},"modified":"2026-04-30T22:59:35","modified_gmt":"2026-04-30T22:59:35","slug":"papel-blueback","status":"publish","type":"product","link":"https:\/\/publitec.lat\/index.php\/product\/papel-blueback\/","title":{"rendered":"Papel Blueback"},"content":{"rendered":"<p>Sustrato: Papel Blueback<br \/>\nTinta Base: Solvente<br \/>\nResoluci\u00f3n: 1200 dpi&#8217;s<br \/>\nAcabados: Con Rebase<br \/>\nDuraci\u00f3n: 1 A\u00f1o Expuesto a los Rayos Solares<br \/>\nIdeal para vallas publicitarias fijas.<br \/>\nEl precio publicado es por metro lineal.<\/p>\n","protected":false},"excerpt":{"rendered":"<p>Sustrato: Papel Blueback Tinta Base: Solvente Resoluci\u00f3n: 1200 dpi&#8217;s Acabados: Con Rebase Duraci\u00f3n: 1 A\u00f1o Expuesto a los Rayos Solares Ideal para vallas publicitarias fijas. El precio publicado es por metro lineal.<\/p>\n","protected":false},"featured_media":15771,"comment_status":"open","ping_status":"closed","template":"","meta":{"rs_blank_template":"","rs_page_bg_color":"","slide_template_v7":""},"product_brand":[],"product_cat":[87],"product_tag":[],"class_list":{"0":"post-15773","1":"product","2":"type-product","3":"status-publish","4":"has-post-thumbnail","6":"product_cat-rotulacion","8":"first","9":"instock","10":"shipping-taxable","11":"purchasable","12":"product-type-simple"},"_links":{"self":[{"href":"https:\/\/publitec.lat\/index.php\/wp-json\/wp\/v2\/product\/15773","targetHints":{"allow":["GET"]}}],"collection":[{"href":"https:\/\/publitec.lat\/index.php\/wp-json\/wp\/v2\/product"}],"about":[{"href":"https:\/\/publitec.lat\/index.php\/wp-json\/wp\/v2\/types\/product"}],"replies":[{"embeddable":true,"href":"https:\/\/publitec.lat\/index.php\/wp-json\/wp\/v2\/comments?post=15773"}],"wp:featuredmedia":[{"embeddable":true,"href":"https:\/\/publitec.lat\/index.php\/wp-json\/wp\/v2\/media\/15771"}],"wp:attachment":[{"href":"https:\/\/publitec.lat\/index.php\/wp-json\/wp\/v2\/media?parent=15773"}],"wp:term":[{"taxonomy":"product_brand","embeddable":true,"href":"https:\/\/publitec.lat\/index.php\/wp-json\/wp\/v2\/product_brand?post=15773"},{"taxonomy":"product_cat","embeddable":true,"href":"https:\/\/publitec.lat\/index.php\/wp-json\/wp\/v2\/product_cat?post=15773"},{"taxonomy":"product_tag","embeddable":true,"href":"https:\/\/publitec.lat\/index.php\/wp-json\/wp\/v2\/product_tag?post=15773"}],"curies":[{"name":"wp","href":"https:\/\/api.w.org\/{rel}","templated":true}]}}