{"id":15623,"date":"2026-04-30T19:24:20","date_gmt":"2026-04-30T19:24:20","guid":{"rendered":"https:\/\/publitec.lat\/index.php\/product\/carpa-publicitaria-de-3-00-x-3-00-m\/"},"modified":"2026-04-30T19:24:20","modified_gmt":"2026-04-30T19:24:20","slug":"carpa-publicitaria-de-3-00-x-3-00-m","status":"publish","type":"product","link":"https:\/\/publitec.lat\/index.php\/product\/carpa-publicitaria-de-3-00-x-3-00-m\/","title":{"rendered":"Carpa Publicitaria de 3.00 x 3.00 m"},"content":{"rendered":"<p>Carpa Publicitaria de 3.00 x 3.00 m<br \/>\nTipo: Carpa Publicitaria Retr\u00e1ctil<br \/>\nMedidas: 3.00 x 3.00 x 2.74 m<br \/>\nGr\u00e1ficos: 2.90 x 2.10 m (Pared) 2.84 x 1.13 m (Laterales)<br \/>\nImpresi\u00f3n: Sublimaci\u00f3n Gran Formato<br \/>\nTela: Tibur\u00f3n<br \/>\nResoluci\u00f3n: 1200 dpi\u2019s<br \/>\nVistas: Pared Frontal y Laterales Sencillos<\/p>\n","protected":false},"excerpt":{"rendered":"<p>Carpa Publicitaria de 3.00 x 3.00 m Tipo: Carpa Publicitaria Retr\u00e1ctil Medidas: 3.00 x 3.00 x 2.74 m Gr\u00e1ficos: 2.90 x 2.10 m (Pared) 2.84 x 1.13 m (Laterales) Impresi\u00f3n: Sublimaci\u00f3n Gran Formato Tela: Tibur\u00f3n Resoluci\u00f3n: 1200 dpi\u2019s Vistas: Pared Frontal y Laterales Sencillos<\/p>\n","protected":false},"featured_media":15622,"comment_status":"open","ping_status":"closed","template":"","meta":{"rs_blank_template":"","rs_page_bg_color":"","slide_template_v7":""},"product_brand":[],"product_cat":[15],"product_tag":[],"class_list":{"0":"post-15623","1":"product","2":"type-product","3":"status-publish","4":"has-post-thumbnail","6":"product_cat-sublimacion","8":"first","9":"instock","10":"shipping-taxable","11":"purchasable","12":"product-type-simple"},"_links":{"self":[{"href":"https:\/\/publitec.lat\/index.php\/wp-json\/wp\/v2\/product\/15623","targetHints":{"allow":["GET"]}}],"collection":[{"href":"https:\/\/publitec.lat\/index.php\/wp-json\/wp\/v2\/product"}],"about":[{"href":"https:\/\/publitec.lat\/index.php\/wp-json\/wp\/v2\/types\/product"}],"replies":[{"embeddable":true,"href":"https:\/\/publitec.lat\/index.php\/wp-json\/wp\/v2\/comments?post=15623"}],"wp:featuredmedia":[{"embeddable":true,"href":"https:\/\/publitec.lat\/index.php\/wp-json\/wp\/v2\/media\/15622"}],"wp:attachment":[{"href":"https:\/\/publitec.lat\/index.php\/wp-json\/wp\/v2\/media?parent=15623"}],"wp:term":[{"taxonomy":"product_brand","embeddable":true,"href":"https:\/\/publitec.lat\/index.php\/wp-json\/wp\/v2\/product_brand?post=15623"},{"taxonomy":"product_cat","embeddable":true,"href":"https:\/\/publitec.lat\/index.php\/wp-json\/wp\/v2\/product_cat?post=15623"},{"taxonomy":"product_tag","embeddable":true,"href":"https:\/\/publitec.lat\/index.php\/wp-json\/wp\/v2\/product_tag?post=15623"}],"curies":[{"name":"wp","href":"https:\/\/api.w.org\/{rel}","templated":true}]}}

<p>Carpa Publicitaria de 3.00 x 3.00 m<br />
Tipo: Carpa Publicitaria Retráctil<br />
Medidas: 3.00 x 3.00 x 2.74 m<br />
Gráficos: 2.90 x 2.10 m (Pared) 2.84 x 1.13 m (Laterales)<br />
Impresión: Sublimación Gran Formato<br />
Tela: Tiburón<br />
Resolución: 1200 dpi’s<br />
Vistas: Pared Frontal y Laterales Sencillos</p>

<p>Carpa Publicitaria de 3.00 x 3.00 m Tipo: Carpa Publicitaria Retráctil Medidas: 3.00 x 3.00 x 2.74 m Gráficos: 2.90 x 2.10 m (Pared) 2.84 x 1.13 m (Laterales) Impresión: Sublimación Gran Formato Tela: Tiburón Resolución: 1200 dpi’s Vistas: Pared Frontal y Laterales Sencillos</p>
