{"id":15472,"date":"2026-04-29T20:45:00","date_gmt":"2026-04-29T20:45:00","guid":{"rendered":"https:\/\/publitec.lat\/index.php\/product\/centro-de-mesa-porta-retrato-sin-foto\/"},"modified":"2026-04-29T20:45:00","modified_gmt":"2026-04-29T20:45:00","slug":"centro-de-mesa-porta-retrato-sin-foto","status":"publish","type":"product","link":"https:\/\/publitec.lat\/index.php\/product\/centro-de-mesa-porta-retrato-sin-foto\/","title":{"rendered":"Centro de mesa &#8211; Porta retrato sin foto"},"content":{"rendered":"","protected":false},"excerpt":{"rendered":"<p>Centro de mesa personalizado, edad, nombre y tem\u00e1tica. Ideal para eventos y cumplea\u00f1os. Eleg\u00ed la tem\u00e1tica que quieras! Porta retrato con foto incluida<\/p>\n","protected":false},"featured_media":15471,"comment_status":"open","ping_status":"closed","template":"","meta":{"rs_blank_template":"","rs_page_bg_color":"","slide_template_v7":""},"product_brand":[],"product_cat":[81],"product_tag":[],"class_list":{"0":"post-15472","1":"product","2":"type-product","3":"status-publish","4":"has-post-thumbnail","6":"product_cat-laser","8":"first","9":"instock","10":"shipping-taxable","11":"product-type-external"},"_links":{"self":[{"href":"https:\/\/publitec.lat\/index.php\/wp-json\/wp\/v2\/product\/15472","targetHints":{"allow":["GET"]}}],"collection":[{"href":"https:\/\/publitec.lat\/index.php\/wp-json\/wp\/v2\/product"}],"about":[{"href":"https:\/\/publitec.lat\/index.php\/wp-json\/wp\/v2\/types\/product"}],"replies":[{"embeddable":true,"href":"https:\/\/publitec.lat\/index.php\/wp-json\/wp\/v2\/comments?post=15472"}],"wp:featuredmedia":[{"embeddable":true,"href":"https:\/\/publitec.lat\/index.php\/wp-json\/wp\/v2\/media\/15471"}],"wp:attachment":[{"href":"https:\/\/publitec.lat\/index.php\/wp-json\/wp\/v2\/media?parent=15472"}],"wp:term":[{"taxonomy":"product_brand","embeddable":true,"href":"https:\/\/publitec.lat\/index.php\/wp-json\/wp\/v2\/product_brand?post=15472"},{"taxonomy":"product_cat","embeddable":true,"href":"https:\/\/publitec.lat\/index.php\/wp-json\/wp\/v2\/product_cat?post=15472"},{"taxonomy":"product_tag","embeddable":true,"href":"https:\/\/publitec.lat\/index.php\/wp-json\/wp\/v2\/product_tag?post=15472"}],"curies":[{"name":"wp","href":"https:\/\/api.w.org\/{rel}","templated":true}]}}

<p>Centro de mesa personalizado, edad, nombre y temática. Ideal para eventos y cumpleaños. Elegí la temática que quieras! Porta retrato con foto incluida</p>
