{"id":15276,"date":"2026-04-29T17:23:01","date_gmt":"2026-04-29T17:23:01","guid":{"rendered":"https:\/\/publitec.lat\/index.php\/product\/rompecabezas-de-120-piezas-tamano-a4-sublimarts\/"},"modified":"2026-04-29T17:23:01","modified_gmt":"2026-04-29T17:23:01","slug":"rompecabezas-de-120-piezas-tamano-a4-sublimarts","status":"publish","type":"product","link":"https:\/\/publitec.lat\/index.php\/product\/rompecabezas-de-120-piezas-tamano-a4-sublimarts\/","title":{"rendered":"Rompecabezas de 120 piezas tama\u00f1o A4 Sublimarts"},"content":{"rendered":"<p>Puzzle de cart\u00f3n personalizable mediante sublimaci\u00f3n.,Puzzle Cart\u00f3n A4 Sublimaci\u00f3n 120 Piezas,Puzzles de 120 piezas A4 sublimarts,Puzzles rectangulares de cart\u00f3n personalizables,Sublimacion Rompecabezas De 120 Piezas,Puzzle de cart\u00f3n de 120 piezas para sublimaci\u00f3n,Rompecabezas de sublimaci\u00f3n en blanco,Puzzle Cart\u00f3n A4 Sublimaci\u00f3n sublimarts,Puzzle A4 120 piezas sublimarts,Puzzle de cart\u00f3n de 120 piezas personalizable,Rompecabezas De 120 Piezas sublimarts,Sublimacion Rompecabezas De 120 Piezas,Rompecabezas A4 de cart\u00f3n Sublimable,Rompecabezas Cart\u00f3n A4 Sublimaci\u00f3n 120 Piezas,Rompecabezass de 120 piezas A4,Rompecabezass rectangulares de cart\u00f3n personalizables,Rompecabezas de cart\u00f3n de 120 piezas para sublimaci\u00f3n,Rompecabezas Cart\u00f3n A4 Sublimaci\u00f3n,Rompecabezas A4 120 piezas sublimarts ,Rompecabezas de cart\u00f3n de 120 piezas personalizable, Puzzle A4 120 piezas sublimable<\/p>\n","protected":false},"excerpt":{"rendered":"<p>Puzzle de cart\u00f3n personalizable mediante sublimaci\u00f3n.,Puzzle Cart\u00f3n A4 Sublimaci\u00f3n 120 Piezas,Puzzles de 120 piezas A4 sublimarts,Puzzles rectangulares de cart\u00f3n personalizables,Sublimacion Rompecabezas De 120 Piezas,Puzzle de cart\u00f3n de 120 piezas para sublimaci\u00f3n,Rompecabezas de sublimaci\u00f3n en blanco,Puzzle Cart\u00f3n A4 Sublimaci\u00f3n sublimarts,Puzzle A4 120 piezas sublimarts,Puzzle de cart\u00f3n de 120 piezas personalizable,Rompecabezas De 120 Piezas sublimarts,Sublimacion Rompecabezas De [&hellip;]<\/p>\n","protected":false},"featured_media":15275,"comment_status":"open","ping_status":"closed","template":"","meta":{"rs_blank_template":"","rs_page_bg_color":"","slide_template_v7":""},"product_brand":[],"product_cat":[15],"product_tag":[],"class_list":{"0":"post-15276","1":"product","2":"type-product","3":"status-publish","4":"has-post-thumbnail","6":"product_cat-sublimacion","8":"first","9":"instock","10":"shipping-taxable","11":"product-type-external"},"_links":{"self":[{"href":"https:\/\/publitec.lat\/index.php\/wp-json\/wp\/v2\/product\/15276","targetHints":{"allow":["GET"]}}],"collection":[{"href":"https:\/\/publitec.lat\/index.php\/wp-json\/wp\/v2\/product"}],"about":[{"href":"https:\/\/publitec.lat\/index.php\/wp-json\/wp\/v2\/types\/product"}],"replies":[{"embeddable":true,"href":"https:\/\/publitec.lat\/index.php\/wp-json\/wp\/v2\/comments?post=15276"}],"wp:featuredmedia":[{"embeddable":true,"href":"https:\/\/publitec.lat\/index.php\/wp-json\/wp\/v2\/media\/15275"}],"wp:attachment":[{"href":"https:\/\/publitec.lat\/index.php\/wp-json\/wp\/v2\/media?parent=15276"}],"wp:term":[{"taxonomy":"product_brand","embeddable":true,"href":"https:\/\/publitec.lat\/index.php\/wp-json\/wp\/v2\/product_brand?post=15276"},{"taxonomy":"product_cat","embeddable":true,"href":"https:\/\/publitec.lat\/index.php\/wp-json\/wp\/v2\/product_cat?post=15276"},{"taxonomy":"product_tag","embeddable":true,"href":"https:\/\/publitec.lat\/index.php\/wp-json\/wp\/v2\/product_tag?post=15276"}],"curies":[{"name":"wp","href":"https:\/\/api.w.org\/{rel}","templated":true}]}}