{"id":15185,"date":"2026-04-29T17:01:31","date_gmt":"2026-04-29T17:01:31","guid":{"rendered":"https:\/\/publitec.lat\/index.php\/product\/mascarilla-facial-con-protector-de-ojos-sublimarts\/"},"modified":"2026-04-29T17:01:31","modified_gmt":"2026-04-29T17:01:31","slug":"mascarilla-facial-con-protector-de-ojos-sublimarts","status":"publish","type":"product","link":"https:\/\/publitec.lat\/index.php\/product\/mascarilla-facial-con-protector-de-ojos-sublimarts\/","title":{"rendered":"Mascarilla facial con protector de ojos Sublimarts"},"content":{"rendered":"<p>La mascarilla facial con protector de ojos Sublimarts puede ser personalizado mediante sublimaci\u00f3n, fabricado de algod\u00f3n color negro de dos capas con ganchos para las orejas de tama\u00f1o ajustable y con protector pvc para los ojos,Mascarilla facial con protector de ojos,Cubrebocas protector ojos,Mascarilla Protector Facial ,Cubrebocas Con Protector Facial,Mascarilla Careta Cubre Boca Ojos Nariz,Mascarilla facial transparente,Mascarilla con protector de ojos,Cubrebocas con protector facial,Tapa boca con protector de ojos,Cubrebocas con careta integrada,Protectores de orejas para cubrebocas,Protector para guardar cubrebocas,Tapaboca con visor transparente,Mascarilla facial protectora,Cubrebocas con protector de ojos,Cubrebocas facial protectora<\/p>\n","protected":false},"excerpt":{"rendered":"<p>La mascarilla facial con protector de ojos Sublimarts puede ser personalizado mediante sublimaci\u00f3n, fabricado de algod\u00f3n color negro de dos capas con ganchos para las orejas de tama\u00f1o ajustable y con protector pvc para los ojos,Mascarilla facial con protector de ojos,Cubrebocas protector ojos,Mascarilla Protector Facial ,Cubrebocas Con Protector Facial,Mascarilla Careta Cubre Boca Ojos Nariz,Mascarilla facial [&hellip;]<\/p>\n","protected":false},"featured_media":15183,"comment_status":"open","ping_status":"closed","template":"","meta":{"rs_blank_template":"","rs_page_bg_color":"","slide_template_v7":""},"product_brand":[],"product_cat":[15],"product_tag":[],"class_list":{"0":"post-15185","1":"product","2":"type-product","3":"status-publish","4":"has-post-thumbnail","6":"product_cat-sublimacion","8":"first","9":"instock","10":"shipping-taxable","11":"product-type-external"},"_links":{"self":[{"href":"https:\/\/publitec.lat\/index.php\/wp-json\/wp\/v2\/product\/15185","targetHints":{"allow":["GET"]}}],"collection":[{"href":"https:\/\/publitec.lat\/index.php\/wp-json\/wp\/v2\/product"}],"about":[{"href":"https:\/\/publitec.lat\/index.php\/wp-json\/wp\/v2\/types\/product"}],"replies":[{"embeddable":true,"href":"https:\/\/publitec.lat\/index.php\/wp-json\/wp\/v2\/comments?post=15185"}],"wp:featuredmedia":[{"embeddable":true,"href":"https:\/\/publitec.lat\/index.php\/wp-json\/wp\/v2\/media\/15183"}],"wp:attachment":[{"href":"https:\/\/publitec.lat\/index.php\/wp-json\/wp\/v2\/media?parent=15185"}],"wp:term":[{"taxonomy":"product_brand","embeddable":true,"href":"https:\/\/publitec.lat\/index.php\/wp-json\/wp\/v2\/product_brand?post=15185"},{"taxonomy":"product_cat","embeddable":true,"href":"https:\/\/publitec.lat\/index.php\/wp-json\/wp\/v2\/product_cat?post=15185"},{"taxonomy":"product_tag","embeddable":true,"href":"https:\/\/publitec.lat\/index.php\/wp-json\/wp\/v2\/product_tag?post=15185"}],"curies":[{"name":"wp","href":"https:\/\/api.w.org\/{rel}","templated":true}]}}

<p>La mascarilla facial con protector de ojos Sublimarts puede ser personalizado mediante sublimación, fabricado de algodón color negro de dos capas con ganchos para las orejas de tamaño ajustable y con protector pvc para los ojos,Mascarilla facial con protector de ojos,Cubrebocas protector ojos,Mascarilla Protector Facial ,Cubrebocas Con Protector Facial,Mascarilla Careta Cubre Boca Ojos Nariz,Mascarilla facial transparente,Mascarilla con protector de ojos,Cubrebocas con protector facial,Tapa boca con protector de ojos,Cubrebocas con careta integrada,Protectores de orejas para cubrebocas,Protector para guardar cubrebocas,Tapaboca con visor transparente,Mascarilla facial protectora,Cubrebocas con protector de ojos,Cubrebocas facial protectora</p>

<p>La mascarilla facial con protector de ojos Sublimarts puede ser personalizado mediante sublimación, fabricado de algodón color negro de dos capas con ganchos para las orejas de tamaño ajustable y con protector pvc para los ojos,Mascarilla facial con protector de ojos,Cubrebocas protector ojos,Mascarilla Protector Facial ,Cubrebocas Con Protector Facial,Mascarilla Careta Cubre Boca Ojos Nariz,Mascarilla facial [&hellip;]</p>
