{"id":15124,"date":"2026-04-29T04:44:36","date_gmt":"2026-04-29T04:44:36","guid":{"rendered":"https:\/\/publitec.lat\/index.php\/product\/tarro-fiesta-650-ml\/"},"modified":"2026-04-29T04:44:36","modified_gmt":"2026-04-29T04:44:36","slug":"tarro-fiesta-650-ml","status":"publish","type":"product","link":"https:\/\/publitec.lat\/index.php\/product\/tarro-fiesta-650-ml\/","title":{"rendered":"Tarro Fiesta 650 ml"},"content":{"rendered":"<p>El Tarro Fiesta de 650 ml es la elecci\u00f3n perfecta para celebraciones, posadas y eventos tem\u00e1ticos. Su dise\u00f1o con acabado liso y glitter, asa lateral y tap\u00f3n cubre popote lo hacen pr\u00e1ctico, llamativo y c\u00f3modo de usar. Fabricado en pl\u00e1stico r\u00edgido, es ideal para personalizar y reutilizar en m\u00faltiples ocasiones, manteniendo siempre el toque festivo.Materiales:Incluye popoteFabricado en pl\u00e1stico r\u00edgido (polipropileno)Tapa a presi\u00f3nLibre de BPAAcabado liso con glitter\u00a0Dimensiones y Capacidad:21 oz | 650 mlMedidas aproximadas: 7.5 x 14.5 cm\u00a0ObservacionesColores sujetos a disponibilidad en TODO momento, antes, durante y despu\u00e9s de hacer su compra.NO apto para lavavajillas<\/p>\n","protected":false},"excerpt":{"rendered":"<p>El Tarro Fiesta de 650 ml es la elecci\u00f3n perfecta para celebraciones, posadas y eventos tem\u00e1ticos. Su dise\u00f1o con acabado liso y glitter, asa lateral y tap\u00f3n cubre popote lo hacen pr\u00e1ctico, llamativo y c\u00f3modo de usar. Fabricado en pl\u00e1stico r\u00edgido, es ideal para personalizar y reutilizar en m\u00faltiples ocasiones, manteniendo siempre el toque festivo.Materiales:Incluye [&hellip;]<\/p>\n","protected":false},"featured_media":15121,"comment_status":"open","ping_status":"closed","template":"","meta":{"rs_blank_template":"","rs_page_bg_color":"","slide_template_v7":""},"product_brand":[],"product_cat":[80],"product_tag":[],"class_list":{"0":"post-15124","1":"product","2":"type-product","3":"status-publish","4":"has-post-thumbnail","6":"product_cat-vaso-plastico","8":"first","9":"instock","10":"shipping-taxable","11":"product-type-external"},"_links":{"self":[{"href":"https:\/\/publitec.lat\/index.php\/wp-json\/wp\/v2\/product\/15124","targetHints":{"allow":["GET"]}}],"collection":[{"href":"https:\/\/publitec.lat\/index.php\/wp-json\/wp\/v2\/product"}],"about":[{"href":"https:\/\/publitec.lat\/index.php\/wp-json\/wp\/v2\/types\/product"}],"replies":[{"embeddable":true,"href":"https:\/\/publitec.lat\/index.php\/wp-json\/wp\/v2\/comments?post=15124"}],"wp:featuredmedia":[{"embeddable":true,"href":"https:\/\/publitec.lat\/index.php\/wp-json\/wp\/v2\/media\/15121"}],"wp:attachment":[{"href":"https:\/\/publitec.lat\/index.php\/wp-json\/wp\/v2\/media?parent=15124"}],"wp:term":[{"taxonomy":"product_brand","embeddable":true,"href":"https:\/\/publitec.lat\/index.php\/wp-json\/wp\/v2\/product_brand?post=15124"},{"taxonomy":"product_cat","embeddable":true,"href":"https:\/\/publitec.lat\/index.php\/wp-json\/wp\/v2\/product_cat?post=15124"},{"taxonomy":"product_tag","embeddable":true,"href":"https:\/\/publitec.lat\/index.php\/wp-json\/wp\/v2\/product_tag?post=15124"}],"curies":[{"name":"wp","href":"https:\/\/api.w.org\/{rel}","templated":true}]}}

<p>El Tarro Fiesta de 650 ml es la elección perfecta para celebraciones, posadas y eventos temáticos. Su diseño con acabado liso y glitter, asa lateral y tapón cubre popote lo hacen práctico, llamativo y cómodo de usar. Fabricado en plástico rígido, es ideal para personalizar y reutilizar en múltiples ocasiones, manteniendo siempre el toque festivo.Materiales:Incluye popoteFabricado en plástico rígido (polipropileno)Tapa a presiónLibre de BPAAcabado liso con glitter Dimensiones y Capacidad:21 oz | 650 mlMedidas aproximadas: 7.5 x 14.5 cm ObservacionesColores sujetos a disponibilidad en TODO momento, antes, durante y después de hacer su compra.NO apto para lavavajillas</p>

<p>El Tarro Fiesta de 650 ml es la elección perfecta para celebraciones, posadas y eventos temáticos. Su diseño con acabado liso y glitter, asa lateral y tapón cubre popote lo hacen práctico, llamativo y cómodo de usar. Fabricado en plástico rígido, es ideal para personalizar y reutilizar en múltiples ocasiones, manteniendo siempre el toque festivo.Materiales:Incluye [&hellip;]</p>
