{"id":15117,"date":"2026-04-29T04:44:27","date_gmt":"2026-04-29T04:44:27","guid":{"rendered":"https:\/\/publitec.lat\/index.php\/product\/bachelor-32-oz\/"},"modified":"2026-04-29T04:44:27","modified_gmt":"2026-04-29T04:44:27","slug":"bachelor-32-oz","status":"publish","type":"product","link":"https:\/\/publitec.lat\/index.php\/product\/bachelor-32-oz\/","title":{"rendered":"Bachelor 32 oz"},"content":{"rendered":"<p>\u00a1Ideal para eventos, promociones o uso diario! El vaso Bachelor de 32 oz combina funcionalidad, resistencia y estilo en un solo producto.No cuenta con aislamiento t\u00e9rmicoMateriales:Fabricado en pl\u00e1stico r\u00edgido (polipropileno)Libre de BPATapa con cerrado a presi\u00f3n para mayor seguridadDimensiones y Capacidad:32 oz \/ 946 mlMedidas aproximadas: 9 cm x 18.5 cm x 25 cm x 7 cm, c\u00f3modo para transportar y usar en cualquier lugar.ObservacionesColores sujetos a disponibilidad en TODO momento, antes, durante y despu\u00e9s de hacer su compra.NO apto para lavavajillas<\/p>\n","protected":false},"excerpt":{"rendered":"<p>\u00a1Ideal para eventos, promociones o uso diario! El vaso Bachelor de 32 oz combina funcionalidad, resistencia y estilo en un solo producto.No cuenta con aislamiento t\u00e9rmicoMateriales:Fabricado en pl\u00e1stico r\u00edgido (polipropileno)Libre de BPATapa con cerrado a presi\u00f3n para mayor seguridadDimensiones y Capacidad:32 oz \/ 946 mlMedidas aproximadas: 9 cm x 18.5 cm x 25 cm x [&hellip;]<\/p>\n","protected":false},"featured_media":15114,"comment_status":"open","ping_status":"closed","template":"","meta":{"rs_blank_template":"","rs_page_bg_color":"","slide_template_v7":""},"product_brand":[],"product_cat":[80],"product_tag":[],"class_list":{"0":"post-15117","1":"product","2":"type-product","3":"status-publish","4":"has-post-thumbnail","6":"product_cat-vaso-plastico","8":"first","9":"instock","10":"shipping-taxable","11":"product-type-external"},"_links":{"self":[{"href":"https:\/\/publitec.lat\/index.php\/wp-json\/wp\/v2\/product\/15117","targetHints":{"allow":["GET"]}}],"collection":[{"href":"https:\/\/publitec.lat\/index.php\/wp-json\/wp\/v2\/product"}],"about":[{"href":"https:\/\/publitec.lat\/index.php\/wp-json\/wp\/v2\/types\/product"}],"replies":[{"embeddable":true,"href":"https:\/\/publitec.lat\/index.php\/wp-json\/wp\/v2\/comments?post=15117"}],"wp:featuredmedia":[{"embeddable":true,"href":"https:\/\/publitec.lat\/index.php\/wp-json\/wp\/v2\/media\/15114"}],"wp:attachment":[{"href":"https:\/\/publitec.lat\/index.php\/wp-json\/wp\/v2\/media?parent=15117"}],"wp:term":[{"taxonomy":"product_brand","embeddable":true,"href":"https:\/\/publitec.lat\/index.php\/wp-json\/wp\/v2\/product_brand?post=15117"},{"taxonomy":"product_cat","embeddable":true,"href":"https:\/\/publitec.lat\/index.php\/wp-json\/wp\/v2\/product_cat?post=15117"},{"taxonomy":"product_tag","embeddable":true,"href":"https:\/\/publitec.lat\/index.php\/wp-json\/wp\/v2\/product_tag?post=15117"}],"curies":[{"name":"wp","href":"https:\/\/api.w.org\/{rel}","templated":true}]}}