{"id":14980,"date":"2026-04-29T00:10:14","date_gmt":"2026-04-29T00:10:14","guid":{"rendered":"https:\/\/publitec.lat\/index.php\/product\/llavero-de-acero-inoxidable-doble-cara-blanco-plata-cps-mexico\/"},"modified":"2026-04-29T02:19:45","modified_gmt":"2026-04-29T02:19:45","slug":"llavero-de-acero-inoxidable-doble-cara-blanco-plata-cps-mexico","status":"publish","type":"product","link":"https:\/\/publitec.lat\/index.php\/product\/llavero-de-acero-inoxidable-doble-cara-blanco-plata-cps-mexico\/","title":{"rendered":"Llavero de Acero Inoxidable Doble Cara Blanco \/ Plata &#8211; CPS M\u00e9xico"},"content":{"rendered":"<p>Caracter\u00edsticas:.- Material: Llavero.- Contenido: 1 pieza.- Fabricado: Acero Inoxidable.- Formas Disponibles Disponibles: Rect\u00e1ngulo, Circulo, Coraz\u00f3n, Placa, Cuadrado, Hueso y OvaloMedidas:Rect\u00e1ngulo: 6.5cm x 3.5cmCuadrado: 4.5cm x 4.5cmPlaca: 6.5cm x 3.5cmCirculo: 4.5cmCoraz\u00f3n: 4.5cm x 4cmHueso: 6.5cm x 4cmOvalo: 6.5cm x 3.5cm<\/p>\n","protected":false},"excerpt":{"rendered":"<p>Caracter\u00edsticas:.- Material: Llavero.- Contenido: 1 pieza.- Fabricado: Acero Inoxidable.- Formas Disponibles Disponibles: Rect\u00e1ngulo, Circulo, Coraz\u00f3n, Placa, Cuadrado, Hueso y OvaloMedidas:Rect\u00e1ngulo: 6.5cm x 3.5cmCuadrado: 4.5cm x 4.5cmPlaca: 6.5cm x 3.5cmCirculo: 4.5cmCoraz\u00f3n: 4.5cm x 4cmHueso: 6.5cm x 4cmOvalo: 6.5cm x 3.5cm<\/p>\n","protected":false},"featured_media":14978,"comment_status":"open","ping_status":"closed","template":"","meta":{"rs_blank_template":"","rs_page_bg_color":"","slide_template_v7":""},"product_brand":[],"product_cat":[15],"product_tag":[],"class_list":{"0":"post-14980","1":"product","2":"type-product","3":"status-publish","4":"has-post-thumbnail","6":"product_cat-sublimacion","8":"first","9":"instock","10":"shipping-taxable","11":"product-type-external"},"_links":{"self":[{"href":"https:\/\/publitec.lat\/index.php\/wp-json\/wp\/v2\/product\/14980","targetHints":{"allow":["GET"]}}],"collection":[{"href":"https:\/\/publitec.lat\/index.php\/wp-json\/wp\/v2\/product"}],"about":[{"href":"https:\/\/publitec.lat\/index.php\/wp-json\/wp\/v2\/types\/product"}],"replies":[{"embeddable":true,"href":"https:\/\/publitec.lat\/index.php\/wp-json\/wp\/v2\/comments?post=14980"}],"wp:featuredmedia":[{"embeddable":true,"href":"https:\/\/publitec.lat\/index.php\/wp-json\/wp\/v2\/media\/14978"}],"wp:attachment":[{"href":"https:\/\/publitec.lat\/index.php\/wp-json\/wp\/v2\/media?parent=14980"}],"wp:term":[{"taxonomy":"product_brand","embeddable":true,"href":"https:\/\/publitec.lat\/index.php\/wp-json\/wp\/v2\/product_brand?post=14980"},{"taxonomy":"product_cat","embeddable":true,"href":"https:\/\/publitec.lat\/index.php\/wp-json\/wp\/v2\/product_cat?post=14980"},{"taxonomy":"product_tag","embeddable":true,"href":"https:\/\/publitec.lat\/index.php\/wp-json\/wp\/v2\/product_tag?post=14980"}],"curies":[{"name":"wp","href":"https:\/\/api.w.org\/{rel}","templated":true}]}}